.
23
Suppose -3*c + 102 = 2*x, 126 = 2*x - c - 2*c. Calculate the highest common factor of x and 38.
19
Suppose 24 = 4*h + 3*g + g, 2*h - 4*g + 12 = 0. Suppose -w = h*w - 6. Let y be (18/3)/(1/w). What is the greatest common divisor of 36 and y?
12
Suppose h - 3*h - 4*p + 106 = 0, 0 = 3*h - 2*p - 159. Let x = h + 3. What is the greatest common factor of x and 14?
14
Suppose 5*m = -h + 146, -3 = 2*h - 5*h. Calculate the highest common factor of 261 and m.
29
Let h = 4 + -3. Suppose 4*p - 3 = h. Suppose -2*d - p = -3*d - u, 2*d + 5*u + 4 = 0. Calculate the highest common divisor of 6 and d.
3
Let u = 5 + -1. Suppose -2*h - 16 = -a - 4*a, -a - 4*h = -12. Calculate the highest common factor of a and u.
4
Suppose 82*u - 48 = 80*u. What is the greatest common factor of u and 24?
24
Let q(l) = -2*l + 1. Let x be q(-4). Suppose -196 - 209 = -5*i. What is the greatest common factor of i and x?
9
Let c = -6 - -24. Suppose s + 0 = 4. Suppose 3*f = -v - 1 + 24, 44 = s*f + 4*v. Calculate the highest common factor of f and c.
6
Let l(o) = 17*o - 1. Let d be l(1). Let x = -180 - -184. Calculate the highest common divisor of d and x.
4
Let w(i) = i**3 + 5*i**2 - 2*i - 4. Let k be w(-4). What is the greatest common divisor of 100 and k?
20
Suppose 2*t - 4*k = 92, -4*t - k + 103 = -t. Suppose t + 132 = 3*d. Suppose -y - 14 = -2*z + y, 3*z + 4*y = d. Calculate the greatest common factor of z and 96.
12
Suppose 3*g = 10 - 4. Calculate the highest common divisor of 10 and g.
2
Let c(p) = -4 - p - 18*p + 6*p. Let o be c(-4). What is the greatest common divisor of o and 16?
16
Suppose 5*h - 64 = 261. Let a be -3 + 1 + 1 + 1. Let w = 13 - a. What is the highest common factor of h and w?
13
Suppose b + 3*b = -48. Let c be (-3)/b - (-46)/8. Calculate the highest common factor of c and 6.
6
Let p(d) = -2*d**2 - 10*d + 6. Let n be p(-8). Let b be ((-2)/3)/(4/n). Let c be 107/b + 2/(-7). What is the highest common factor of c and 3?
3
Suppose -5*t - 1 = -2*p, -5*p + t + 12 = -2. Calculate the highest common divisor of p and 6.
3
Suppose 2*u + 2*u = 168. Let t = 9 - 3. What is the greatest common factor of t and u?
6
Suppose -2*m + 266 = 4*f, -3*m = -f - 0*f + 77. Calculate the greatest common factor of f and 17.
17
Suppose 21 = 3*i - 0*n - n, -5*i - 2*n = -35. What is the greatest common factor of i and 63?
7
Suppose 2*g = 14 + 14. Let n be g/(-49) + (-1404)/(-14). Calculate the highest common factor of n and 20.
20
Suppose 0 = -z - 10*z + 1331. Let m be (-2)/2*-1*1. Let b be 86/8 + m/4. What is the greatest common divisor of z and b?
11
Let k(a) = -a**2 - 5*a. Let s be k(-5). Suppose s = 4*b - 183 + 27. Suppose -f + 3*i - i = -24, -b = -f - 3*i. What is the greatest common factor of f and 10?
10
Let j = -39 + 151. Calculate the highest common factor of j and 56.
56
Let m(r) = 37*r**2 + 1. Let a be m(1). Let u = 2 - 0. Let s be u/(-7) - (-3609)/63. What is the greatest common divisor of s and a?
19
Suppose 4*y = -3*d + 31, y - 36 = -4*d - 3*y. Let o be (-4)/(-4*(-3)/(-30)). Calculate the highest common factor of o and d.
5
Suppose -2 = 2*h - 3*l + 2, -h = 5*l - 11. What is the greatest common factor of h and 8?
1
Let s(y) = -3*y**2 + 2*y - 1. Let j be s(3). Let a = -11 - j. Let x(w) = w - 3. Let t be x(4). What is the greatest common divisor of a and t?
1
Suppose i + 5 = 2*b - 0*i, 3*i + 15 = 5*b. Let w = 9 + b. Let j(l) = l**2 - 3*l + 5. Let x be j(8). What is the greatest common factor of x and w?
9
Let v(q) = 441*q**2 - 1. Let y be v(1). Suppose -5*a + y = 6*p - p, 428 = 5*p + a. Calculate the greatest common factor of 34 and p.
17
Let l(k) = -2*k**3 + 5*k**2 + 4*k + 4. Suppose 0 = 3*j - 0*j + 12. Let z be l(j). Calculate the highest common factor of 28 and z.
28
Suppose -5*o + 655 = -5*g, 0 = 2*o + 4*g - 3*g - 277. Suppose -3*m + 41 + 10 = 0. Calculate the greatest common factor of m and o.
17
Let q(h) = h**2 - 5*h + 11. Let j be q(5). Let n = 8 - -25. Calculate the highest common factor of n and j.
11
Let c(z) = -3*z + 2. Let q(o) = 3*o - 2. Let h(a) = -6*c(a) - 5*q(a). Let f be h(2). Suppose 0 = f*t - 5 - 31. Calculate the greatest common factor of 63 and t.
9
Suppose 3*n - 11 + 2 = 0. Let h(y) = -16 + 4*y + 4*y**2 - 9*y + 19. Let z be h(n). What is the highest common divisor of 3 and z?
3
Let t be (4/3*-6)/(-2). Suppose 89 = 5*o + t. What is the highest common factor of 17 and o?
17
Let u(q) be the third derivative of q**6/40 - q**5/60 + q**3/6 - 4*q**2. Let t be u(2). What is the greatest common divisor of 7 and t?
7
Let q be 1 + 3 + -2 - -116. Let j = -38 + q. Calculate the highest common divisor of 10 and j.
10
Let y be 360/26 + (-4)/(-26). What is the highest common factor of y and 28?
14
Let v be (-12 - -12)/(2/1). Suppose 2*d + 3*w - 43 = 0, v*w + 1 = -d + 3*w. Calculate the greatest common divisor of d and 35.
7
Let i(q) = -q. Let a be i(-3). Suppose 3*s - 3*d = 0, 2*s + a*d - 21 = -1. Let x = 5 + s. Calculate the highest common factor of x and 3.
3
Suppose d - 17 = -1. Let f be 15 + 0 + -1 + (-14)/(-7). What is the greatest common divisor of f and d?
16
Let y be 6/39 - 0 - 154/(-13). Calculate the greatest common factor of y and 36.
12
Suppose -p + 165 = 4*p. Calculate the greatest common divisor of 3 and p.
3
Suppose -5*z + 2*q = q - 41, 3*z = 5*q + 7. What is the highest common factor of z and 1?
1
Suppose i = 32 - 7. Suppose 9*v = 4*v + i. Suppose -10 = -2*l + 20. Calculate the greatest common factor of l and v.
5
Let k be (-1268)/(-28) - 6/21. Calculate the highest common divisor of 10 and k.
5
Suppose 11*i + 81 = 14*i. What is the highest common factor of 297 and i?
27
Let v(y) be the first derivative of y**3/3 - 4*y + 1. Let h be v(3). Calculate the greatest common factor of 15 and h.
5
Let m(c) = -c**3 + 17*c**2 - 16*c + 21. Let q be m(16). Let d = 49 + -28. Calculate the highest common factor of d and q.
21
Let h(n) = n**2 + 3*n + 1. Let t be h(-3). Let f be -1 - t - (-346 + 1). Let k be (-1)/3 - f/(-21). What is the highest common factor of 4 and k?
4
Suppose f = -2*s + 25, 5*s - 82 = -2*f - 20. What is the highest common divisor of 156 and s?
12
Let t(d) = -7*d - 20. Let a be t(-10). Calculate the highest common divisor of 20 and a.
10
Let k be (-6)/(-1)*(5 - 1). What is the highest common divisor of k and 8?
8
Suppose 0*b = -5*b + 110. Suppose 61 + 49 = 5*h. Let t = 176 + h. What is the greatest common factor of b and t?
22
Let u(l) = l**3 + 9*l**2 + 7*l + 8. Let r = -8 - -8. Let z = -8 + r. Let s be u(z). What is the greatest common divisor of s and 176?
16
Let p(u) = 2*u**3 - 5*u**2 + 3*u - 2. Let g be p(4). Suppose 4*w = 2*w + g. What is the highest common factor of 261 and w?
29
Suppose 4*z = z + 6. Calculate the highest common factor of z and 14.
2
Suppose -2*d - 126 + 390 = 0. Calculate the highest common factor of 12 and d.
12
Suppose 0 = -3*k, 0 = r - 4*k - 50 + 10. What is the greatest common factor of 10 and r?
10
Suppose 45 = 21*p - 16*p. Calculate the highest common divisor of p and 18.
9
Let o be (-2)/1 - (-14)/(-2). Let s = o - -12. Let y be 14*-1*-2 - 1. What is the highest common divisor of y and s?
3
Let y be -2*(1 + (-3)/2). Let s(v) = v**3 + 5*v**2 + 2*v - 4. Let t be s(-4). Calculate the greatest common factor of y and t.
1
Suppose 5*d - 35 = 15. Suppose i = 2*i - 4. Calculate the greatest common divisor of d and i.
2
Let q(f) = -25*f - 1. Let w be q(4). Let y = 192 + w. What is the highest common divisor of 13 and y?
13
Suppose 13 + 5 = -3*h. Let q(y) = -y**3 - 5*y**2 + 6*y + 1. Let a be q(h). What is the greatest common factor of a and 11?
1
Let s(h) = -7*h - 3. Suppose -4*t - 3 - 5 = 0. Let x be s(t). What is the highest common factor of 33 and x?
11
Let a be 4/(-10) + ((-264)/(-15))/4. What is the highest common divisor of 16 and a?
4
Let y = 87 - 60. Calculate the highest common divisor of y and 216.
27
Let i be (-2)/(-5) + (-66)/(-10). Suppose 0 = -6*y + 3*y + 21. What is the highest common divisor of y and i?
7
Suppose 13 = -0*m - m + 4*a, 5*m + a = -23. Let g(h) = h**2 - 2*h - 6. Let v be g(m). Suppose 3*x + 8 = v. What is the greatest common divisor of x and 14?
7
Let c(t) = -2*t**2 + 15*t + 3. Let p be c(11). Let u be 3 - 1 - p - 0. Calculate the highest common divisor of u and 19.
19
Suppose 2*p + u + 3 = 11, 4